2 and 35991.
43
What is the highest common factor of 6600524 and 14?
14
Calculate the greatest common factor of 315 and 16209.
9
Calculate the highest common divisor of 386687 and 259.
259
What is the highest common divisor of 8473 and 192131?
229
Calculate the greatest common factor of 23028 and 912.
228
What is the highest common divisor of 3875913 and 3429?
1143
What is the greatest common factor of 6558 and 1041629?
1093
What is the highest common divisor of 7982 and 3874?
26
Calculate the highest common factor of 50436 and 6.
6
What is the greatest common factor of 3234 and 3729?
33
What is the highest common factor of 516037 and 73?
73
What is the highest common divisor of 9108 and 6417?
207
What is the highest common factor of 9 and 15507?
9
Calculate the highest common divisor of 374 and 283118.
374
Calculate the highest common factor of 72 and 34497.
9
Calculate the highest common factor of 23576 and 70.
14
What is the greatest common divisor of 70 and 118790?
70
What is the greatest common factor of 5 and 1441525?
5
What is the greatest common factor of 483132 and 4332?
228
What is the greatest common divisor of 810 and 1552230?
270
What is the highest common divisor of 405 and 55566?
81
Calculate the highest common factor of 213872 and 256.
16
Calculate the greatest common divisor of 2537 and 2773.
59
What is the greatest common divisor of 31 and 172639?
31
What is the greatest common factor of 29049 and 1684?
421
What is the highest common divisor of 15 and 26295?
15
Calculate the highest common divisor of 9898 and 490.
98
What is the greatest common divisor of 11 and 559196?
11
What is the highest common factor of 42 and 5070?
6
Calculate the greatest common factor of 1683 and 627.
33
What is the greatest common divisor of 282 and 2605539?
141
Calculate the greatest common factor of 6808 and 667.
23
Calculate the greatest common factor of 29916 and 306.
18
Calculate the greatest common divisor of 71543 and 29.
29
What is the highest common divisor of 6698 and 136?
34
What is the greatest common factor of 2424 and 1464?
24
What is the highest common divisor of 710 and 638?
2
Calculate the highest common divisor of 6030 and 268.
134
What is the greatest common divisor of 1257165 and 1170?
585
Calculate the highest common divisor of 858995 and 30.
5
What is the greatest common factor of 190 and 36366?
38
What is the highest common divisor of 47256 and 825?
33
Calculate the greatest common divisor of 21 and 190029.
21
Calculate the highest common factor of 136881 and 3632.
227
What is the greatest common factor of 1408 and 616?
88
Calculate the highest common factor of 121488 and 324.
12
What is the highest common divisor of 219915 and 2160?
135
What is the greatest common divisor of 32 and 215872?
32
Calculate the greatest common divisor of 111481 and 5957.
851
What is the highest common divisor of 166 and 665162?
166
What is the greatest common divisor of 96 and 10872?
24
What is the highest common divisor of 25600 and 25?
25
What is the greatest common factor of 136229 and 46?
23
Calculate the highest common factor of 256 and 509280.
32
What is the greatest common factor of 3 and 10261?
1
Calculate the greatest common factor of 232948 and 40.
4
What is the greatest common factor of 1083 and 2289?
3
Calculate the highest common factor of 484 and 38676.
44
What is the highest common factor of 51761 and 955?
191
What is the highest common divisor of 924882 and 732?
366
Calculate the greatest common divisor of 1100745 and 9.
9
Calculate the greatest common divisor of 4494096 and 18.
18
What is the greatest common divisor of 172000 and 688?
688
What is the greatest common divisor of 123652 and 76?
76
Calculate the greatest common divisor of 2328 and 132.
12
What is the greatest common divisor of 1648 and 57989?
103
Calculate the greatest common divisor of 24 and 399804.
12
What is the highest common factor of 423827 and 442?
17
What is the greatest common divisor of 2008 and 136?
8
What is the greatest common factor of 176 and 5976432?
176
What is the greatest common factor of 730 and 2002755?
365
Calculate the greatest common factor of 2620 and 100.
20
Calculate the highest common factor of 120208 and 198.
22
Calculate the greatest common divisor of 405 and 1269.
27
Calculate the highest common factor of 664 and 3988648.
664
Calculate the greatest common divisor of 1000 and 231500.
500
What is the greatest common divisor of 261758 and 294?
98
Calculate the highest common divisor of 9455 and 310.
155
Calculate the highest common factor of 1441 and 1408.
11
What is the highest common divisor of 20453 and 5989?
113
Calculate the greatest common factor of 5358 and 11092.
94
Calculate the highest common divisor of 8418 and 506.
46
What is the greatest common divisor of 2500 and 16125?
125
Calculate the greatest common divisor of 1833 and 740250.
141
Calculate the greatest common divisor of 959148 and 12.
12
What is the highest common divisor of 304 and 4858224?
304
What is the greatest common factor of 15 and 139929?
3
What is the highest common factor of 5329 and 1825?
73
Calculate the highest common factor of 60 and 758855.
5
Calculate the greatest common divisor of 462 and 11998.
14
What is the highest common factor of 5168 and 8075?
323
Calculate the greatest common factor of 3741908 and 1004.
1004
Calculate the highest common factor of 87864 and 168.
168
What is the greatest common factor of 320 and 184100?
20
Calculate the greatest common divisor of 608 and 52896.
608
Calculate the greatest common divisor of 5874 and 1691.
89
What is the greatest common factor of 1101 and 158177?
367
Calculate the greatest common divisor of 23 and 8580679.
23
Calculate the greatest common divisor of 51881 and 87.
29
Calculate the highest common divisor of 112 and 33768.
56
Calculate the greatest common divisor of 446 and 191557.
223
Calculate the highest common factor of 56595 and 330.
165
Calculate the greatest common divisor of 511 and 4891.
73
What is the greatest common factor of 175676 and 148?
148
What is the greatest common divisor of 16 and 124?
4
Calculate the greatest common divisor of 1395 and 6169.
31
What is the greatest common divisor of 1520528 and 1808?
1808
Calculate the highest common factor of 3720 and 690.
30
Calculate the highest common factor of 3208 and 346865.
401
What is the greatest common divisor of 2135976 and 2928?
1464
Calculate the highest common factor of 15 and 90290.
5
Calculate the highest common factor of 412 and 4309108.
412
What is the highest common factor of 10246720 and 7872?
2624
Calculate the greatest common divisor of 23 and 8717.
23
What is the highest common divisor of 56928 and 320?
32
What is the greatest common factor of 3582 and 1152?
18
What is the highest common divisor of 13 and 45638?
1
What is the greatest common divisor of 137690 and 15?
5
Calculate the highest common divisor of 675 and 484650.
675
Calculate the greatest common factor of 69 and 23943.
69
Calculate the greatest common divisor of 145098 and 192.
6
What is the highest common divisor of 191 and 531171?
191
Calculate the greatest common factor of 8694 and 4266.
54
What is the highest common factor of 110 and 2855?
5
What is the greatest common divisor of 28792 and 944?
472
What is the highest common factor of 17391 and 3999?
93
Calculate the highest common divisor of 13 and 266.
1
What is the highest common divisor of 7239 and 399?
57
Calculate the greatest common divisor of 7 and 139160.
7
Calculate the highest common factor of 438111 and 243.
9
Calculate the greatest common divisor of 30294 and 6834.
102
Calculate the highest common divisor of 288223 and 26.
13
Calculate the highest common divisor of 6102 and 351.
27
What is the greatest common divisor of 1410 and 18?
6
Calculate the highest common divisor of 302325 and 3825.
75
Calculate the highest common factor of 1827585 and 153.
153
What is the greatest common divisor of 4880 and 520?
40
Calculate the highest common factor of 33615 and 24300.
405
What is the highest common factor of 166 and 642835?
83
Calculate the highest common divisor of 645 and 7455.
15
Calculate the greatest common factor of 56 and 4298.
14
What is the greatest common divisor of 7540 and 2236?
52
Calc